
Calculate the greatest common divisor of 120 and 160.
40
Calculate the highest common divisor of 105 and 84.
21
Calculate the highest common factor of 83 and 166.
83
Calculate the highest common divisor of 4 and 150.
2
What is the greatest common factor of 676 and 4?
4
What is the greatest common divisor of 2806 and 46?
46
Calculate the greatest common factor of 78 and 143.
13
What is the highest common factor of 161 and 21?
7
Calculate the highest common divisor of 39 and 6.
3
What is the highest common factor of 8 and 55?
1
What is the highest common factor of 7302 and 6?
6
What is the greatest common divisor of 184 and 3818?
46
Calculate the highest common factor of 22 and 165.
11
Calculate the highest common factor of 1177 and 176.
11
Calculate the greatest common factor of 355 and 781.
71
What is the highest common divisor of 40 and 50060?
20
Calculate the highest common factor of 682 and 110.
22
What is the greatest common factor of 90 and 115?
5
Calculate the highest common divisor of 340 and 50.
10
What is the highest common divisor of 32 and 1120?
32
Calculate the greatest common divisor of 483 and 6003.
69
Calculate the highest common factor of 92 and 276.
92
Calculate the highest common factor of 13427 and 29.
29
Calculate the greatest common divisor of 30 and 2595.
15
Calculate the greatest common divisor of 13289 and 97.
97
What is the greatest common divisor of 704 and 1144?
88
Calculate the highest common divisor of 42686 and 14.
14
What is the greatest common divisor of 1161 and 27?
27
Calculate the greatest common divisor of 17501 and 22.
11
What is the greatest common divisor of 153 and 2499?
51
What is the greatest common divisor of 79 and 79?
79
Calculate the greatest common divisor of 504 and 432.
72
What is the highest common factor of 11712 and 256?
64
What is the highest common divisor of 1075 and 25?
25
Calculate the greatest common divisor of 2773 and 59.
59
What is the greatest common factor of 325 and 2145?
65
What is the greatest common divisor of 1379 and 56?
7
Calculate the greatest common factor of 68 and 272.
68
What is the greatest common factor of 64 and 3424?
32
What is the highest common divisor of 672 and 42?
42
What is the highest common divisor of 84 and 1164?
12
Calculate the highest common divisor of 14 and 5894.
14
Calculate the greatest common factor of 1116 and 36.
36
Calculate the greatest common divisor of 146 and 657.
73
Calculate the highest common divisor of 88 and 6666.
22
Calculate the greatest common divisor of 11 and 2.
1
What is the greatest common factor of 342 and 19?
19
What is the greatest common divisor of 190 and 285?
95
Calculate the highest common factor of 34101 and 27.
27
Calculate the highest common divisor of 235 and 29610.
235
Calculate the greatest common factor of 11480 and 35.
35
What is the greatest common divisor of 1547 and 595?
119
What is the greatest common divisor of 70 and 7742?
14
What is the highest common factor of 468 and 1584?
36
What is the greatest common factor of 403 and 26?
13
What is the highest common divisor of 609 and 696?
87
Calculate the highest common factor of 351 and 243.
27
What is the greatest common divisor of 25 and 100?
25
What is the highest common factor of 128 and 176?
16
Calculate the highest common divisor of 253 and 1633.
23
What is the greatest common divisor of 63 and 99?
9
What is the greatest common factor of 12 and 1356?
12
What is the highest common factor of 127 and 8?
1
What is the greatest common factor of 3699 and 27?
27
What is the greatest common factor of 46 and 161?
23
Calculate the highest common factor of 3 and 32.
1
Calculate the greatest common factor of 225 and 20.
5
Calculate the highest common factor of 77 and 5654.
11
Calculate the greatest common divisor of 254 and 9525.
127
Calculate the greatest common factor of 639 and 63.
9
Calculate the greatest common divisor of 435 and 75.
15
Calculate the greatest common divisor of 150 and 810.
30
What is the greatest common factor of 162 and 18?
18
Calculate the highest common factor of 1650 and 30.
30
What is the highest common divisor of 789 and 13939?
263
Calculate the greatest common divisor of 104 and 16.
8
What is the greatest common divisor of 85 and 68?
17
What is the highest common divisor of 138 and 2?
2
Calculate the greatest common factor of 92 and 253.
23
What is the greatest common divisor of 30 and 66?
6
Calculate the highest common divisor of 8 and 128.
8
Calculate the highest common divisor of 231 and 3377.
11
Calculate the greatest common divisor of 150 and 1270.
10
Calculate the greatest common divisor of 57 and 38.
19
Calculate the greatest common factor of 14 and 10.
2
What is the greatest common factor of 56 and 91?
7
What is the highest common factor of 153 and 833?
17
What is the highest common divisor of 16 and 4?
4
What is the greatest common divisor of 1791 and 18?
9
Calculate the highest common divisor of 9 and 7830.
9
Calculate the highest common factor of 16915 and 398.
199
Calculate the greatest common divisor of 9703 and 93.
31
Calculate the greatest common divisor of 26 and 4576.
26
What is the greatest common factor of 2301 and 12?
3
Calculate the highest common divisor of 14 and 28.
14
Calculate the greatest common factor of 476 and 68.
68
What is the greatest common divisor of 2231 and 873?
97
Calculate the highest common factor of 96 and 8864.
32
What is the greatest common factor of 44 and 55?
11
Calculate the highest common factor of 1886 and 736.
46
Calculate the greatest common factor of 34 and 11645.
17
What is the greatest common factor of 94 and 22842?
94
What is the greatest common divisor of 48 and 40?
8
What is the greatest common factor of 35 and 85?
5
Calculate the highest common factor of 7163 and 1235.
247
What is the highest common factor of 70 and 266?
14
What is the highest common factor of 28 and 2786?
14
What is the greatest common factor of 78 and 6?
6
What is the highest common factor of 24 and 600?
24
What is the highest common divisor of 39 and 6?
3
What is the greatest common factor of 63 and 112?
7
Calculate the highest common divisor of 372 and 5828.
124
Calculate the highest common divisor of 18 and 6174.
18
What is the highest common factor of 295 and 413?
59
What is the highest common factor of 589 and 19?
19
Calculate the greatest common factor of 576 and 126.
18
What is the greatest common factor of 420 and 60?
60
What is the greatest common divisor of 20 and 940?
20
Calculate the highest common divisor of 65 and 10075.
65
What is the greatest common divisor of 6 and 56?
2
Calculate the greatest common factor of 144 and 64.
16
What is the highest common divisor of 2952 and 504?
72
Calculate the greatest common factor of 414 and 30.
6
What is the greatest common divisor of 3 and 225?
3
Calculate the greatest common factor of 32 and 352.
32
Calculate the greatest common divisor of 480 and 256.
32
Calculate the highest common divisor of 209 and 176.
11
What is the greatest common factor of 55 and 4895?
55
What is the highest common divisor of 1888 and 59?
59
Calculate the greatest common factor of 14 and 1358.
14
What is the greatest common factor of 98 and 1372?
98
Calculate the highest common divisor of 648 and 30.
6
Calculate the greatest common factor of 176 and 1298.
22
Calculate the greatest common divisor of 77 and 294.
7
What is the highest common divisor of 228 and 627?
57
What is the highest common factor of 428 and 4?
4
Calculate the highest common divisor of 14 and 87458.
14
Calculate the highest common factor of 9 and 50454.
9
Calculate the greatest common factor of 9763 and 39.
13
Calculate the highest common factor of 196 and 245.
49
Calculate the highest common divisor of 9 and 45.
9
Calculate the greatest common divisor of 13 and 39.
13
What is the highest common divisor of 185 and 703?
37
What is the highest common divisor of 55 and 1705?
55
What is the highest common factor of 47775 and 39?
39
What is the greatest common factor of 112 and 126?
14
Calculate the greatest common divisor of 4000 and 10.
10
Calculate the greatest common factor of 7653 and 3.
3
What is the highest common divisor of 4251 and 78?
39
What is the highest common divisor of 427 and 21?
7
What is the greatest com